the greatest common divisor of 1589526 and 378621.
3411
What is the highest common divisor of 1253130 and 39090?
30
Calculate the highest common divisor of 77838832 and 16.
16
What is the greatest common factor of 37947258 and 1431?
1431
Calculate the greatest common factor of 7 and 918746381.
7
Calculate the greatest common factor of 26971722 and 18.
18
Calculate the highest common divisor of 2161516 and 119.
119
Calculate the greatest common factor of 5539892 and 68.
68
Calculate the greatest common divisor of 58603704 and 25368.
3624
What is the greatest common divisor of 4362 and 79854?
6
What is the highest common divisor of 91399132 and 88?
44
What is the greatest common divisor of 13 and 1051316617?
13
Calculate the greatest common divisor of 33632956 and 205.
41
What is the highest common divisor of 84665 and 15498?
287
Calculate the highest common divisor of 1386 and 1400234.
22
What is the greatest common factor of 139118460 and 156?
156
Calculate the greatest common divisor of 11152 and 2510594.
1394
Calculate the highest common factor of 4898160 and 225.
45
Calculate the highest common factor of 3124 and 47452460.
44
What is the greatest common factor of 98233828 and 113344?
7084
What is the greatest common divisor of 8706138 and 26772?
582
What is the highest common divisor of 112461600 and 352?
32
Calculate the greatest common factor of 67439740 and 30.
10
Calculate the greatest common factor of 20 and 1374616.
4
Calculate the greatest common divisor of 452049 and 1139.
67
What is the greatest common factor of 27379 and 15713057?
2489
Calculate the greatest common factor of 295748 and 46652.
428
What is the highest common factor of 75 and 3247470?
15
What is the highest common factor of 28026 and 1161585?
9
Calculate the greatest common factor of 689 and 428929.
53
What is the highest common factor of 34598916 and 820?
164
Calculate the greatest common factor of 42 and 5668873.
7
Calculate the greatest common divisor of 91622 and 2856804.
1502
Calculate the greatest common factor of 8776 and 8689337.
1097
Calculate the highest common divisor of 4 and 228187768.
4
What is the greatest common factor of 6150 and 47390?
10
Calculate the greatest common divisor of 16665472 and 256.
128
Calculate the highest common factor of 3686936 and 264.
88
What is the highest common divisor of 24234 and 5269164?
3462
What is the greatest common factor of 96 and 6107856?
48
What is the highest common factor of 943050 and 67450?
50
What is the highest common divisor of 236781573 and 59?
59
Calculate the greatest common factor of 10 and 57603550.
10
Calculate the greatest common factor of 383 and 668639102.
383
What is the highest common factor of 6096705 and 3225?
15
What is the greatest common factor of 181374 and 726902?
1406
Calculate the highest common factor of 864 and 645273.
27
Calculate the greatest common factor of 8970 and 81604.
46
What is the greatest common factor of 174976950 and 892?
446
Calculate the highest common divisor of 3 and 250916271.
3
Calculate the highest common divisor of 1256 and 336611768.
1256
Calculate the highest common factor of 4968 and 138592917.
621
Calculate the greatest common factor of 58 and 5197960.
58
Calculate the highest common factor of 28891234 and 7278.
2426
Calculate the greatest common divisor of 382 and 16401934.
382
Calculate the greatest common divisor of 161 and 7460349.
23
Calculate the highest common factor of 882 and 6914124.
126
Calculate the highest common divisor of 33620244 and 23436.
2604
Calculate the greatest common factor of 11324330 and 11815.
695
Calculate the highest common divisor of 36795 and 78768060.
3345
Calculate the greatest common factor of 163208 and 6831.
23
What is the highest common factor of 58308740 and 420?
140
Calculate the highest common divisor of 367 and 4166551.
367
Calculate the greatest common factor of 119 and 4746723.
17
What is the highest common factor of 642010 and 9082380?
5890
What is the highest common divisor of 1005875 and 8000?
125
What is the greatest common factor of 850330767 and 1573?
1573
What is the highest common divisor of 308 and 22122122?
22
What is the greatest common divisor of 15 and 18625485?
15
What is the highest common factor of 5153769 and 266?
19
Calculate the highest common factor of 1235 and 133705185.
95
Calculate the greatest common factor of 2459564155 and 95.
95
What is the greatest common divisor of 888191 and 2117?
73
What is the greatest common divisor of 1112 and 32320?
8
What is the highest common factor of 1695984 and 4703656?
3176
Calculate the greatest common factor of 2008 and 298297436.
1004
Calculate the greatest common factor of 2215941 and 2457.
273
Calculate the greatest common factor of 324 and 216960.
12
What is the highest common divisor of 1908 and 25430460?
636
Calculate the greatest common factor of 3877720 and 20020.
1540
What is the highest common divisor of 6762 and 2356851?
147
What is the highest common divisor of 806 and 2400086?
26
Calculate the greatest common divisor of 22 and 5853202.
2
What is the greatest common divisor of 93800268 and 696?
348
What is the greatest common factor of 3 and 5455627?
1
What is the highest common divisor of 1859 and 18469334?
169
What is the greatest common factor of 822321 and 15291?
9
Calculate the highest common divisor of 251482161 and 1323.
147
What is the greatest common factor of 71020 and 315570?
670
Calculate the greatest common factor of 615 and 836769.
123
What is the highest common factor of 159650 and 12154?
206
Calculate the highest common factor of 4368 and 1187550.
546
What is the highest common divisor of 11424 and 2904195?
357
Calculate the highest common factor of 2850 and 61084050.
2850
Calculate the greatest common factor of 9491649 and 22791.
321
What is the greatest common factor of 5 and 5826995?
5
Calculate the highest common factor of 1992 and 781113.
249
Calculate the greatest common divisor of 189 and 22613073.
21
Calculate the greatest common factor of 16370 and 2130.
10
Calculate the greatest common divisor of 3834 and 410427.
27
Calculate the greatest common factor of 261 and 8123538.
87
Calculate the greatest common factor of 1033243 and 1785.
17
Calculate the highest common factor of 630298 and 9256.
178
Calculate the highest common factor of 75 and 1848054300.
75
What is the highest common divisor of 955026 and 224298?
306
Calculate the highest common factor of 35789 and 68601.
13
What is the highest common divisor of 49336 and 236?
4
What is the greatest common divisor of 12663840 and 630?
210
What is the highest common divisor of 312782 and 430?
86
What is the greatest common factor of 135942 and 168216?
978
Calculate the highest common factor of 72716 and 1093708.
1484
What is the highest common factor of 1543518 and 20934?
18
What is the highest common divisor of 100 and 64066850?
50
Calculate the greatest common divisor of 819 and 3777228.
819
Calculate the highest common divisor of 37584 and 19739376.
1296
What is the greatest common divisor of 1524 and 739469692?
508
Calculate the highest common factor of 11395 and 1246097.
43
Calculate the highest common divisor of 861 and 1193241.
21
What is the greatest common factor of 1834 and 119647409?
917
Calculate the greatest common divisor of 808563 and 1662.
831
Calculate the greatest common divisor of 38997420 and 1617.
231
What is the highest common factor of 96145 and 1074815?
1435
Calculate the greatest common divisor of 56955263 and 140825.
5633
What is the highest common factor of 144109496 and 7504?
536
Calculate the greatest common divisor of 396459 and 51243.
2697
Calculate the highest common factor of 14632992 and 632803.
4619
What is the highest common divisor of 9019398 and 756?
6
Calculate the greatest common factor of 246237 and 169222.
211
Calculate the greatest common factor of 1252260 and 127980.
1620
Calculate the greatest common divisor of 5565 and 9184105.
1855
What is the greatest common divisor of 1925004424 and 56?
56
What is the greatest common divisor of 96 and 113072352?
96
Calculate the highest common divisor of 690855 and 2490576.
1749
Calculate the greatest common divisor of 22272795 and 42480.
2655
Calculate the highest common divisor of 34623366